6b42 (base 12) to base 8.
412342
What is 10242040 (base 6) in base 4?
1021201020
Convert -184281 (base 13) to base 6.
-21015300
Convert c10c (base 16) to base 15.
e99a
Convert 21bd2 (base 14) to base 13.
2b393
-258580 (base 11) to base 5
-101003043
-375a8 (base 11) to base 3
-2202000122
Convert -178a81 (base 14) to base 3.
-1120012120221
Convert 110100000011010 (base 2) to base 8.
64032
Convert -12414313 (base 5) to base 7.
-1021562
Convert 610256 (base 9) to base 10.
361068
What is -6672b6 (base 12) in base 13?
-450b73
What is -1052145103 (base 6) in base 9?
-23716273
Convert 230010303 (base 4) to base 3.
100011122100
What is 11b7ee (base 15) in base 7?
10133666
Convert 1220000121020 (base 3) to base 2.
11110101001011101111
Convert 10beba (base 15) to base 5.
201043300
21110021122202 (base 3) to base 2
1111000111010000001001
Convert 543b96 (base 16) to base 8.
25035626
What is -6700010 (base 8) in base 9?
-3346187
-231041223 (base 5) to base 9
-1845260
Convert 126370 (base 8) to base 4.
22303320
Convert 11202453 (base 6) to base 3.
122102011120
What is -3140526 (base 7) in base 12?
-163833
What is -2892568 (base 10) in base 4?
-23002030120
1010223011 (base 5) to base 14
3b11a3
What is 321020143 (base 5) in base 15?
1b87ed
-92a93 (base 11) to base 3
-20220012112
What is 6c62b (base 13) in base 8?
604175
-5287056 (base 9) to base 11
-1665485
Convert -3022305 (base 7) to base 4.
-1113202323
What is -50319 (base 13) in base 14?
-3a342
-127249 (base 10) to base 14
-34533
Convert 110110101101001010110 (base 2) to base 16.
1b5a56
Convert 33545232 (base 6) to base 8.
3721764
What is -11100010100001001001 (base 2) in base 16?
-e2849
What is -367564 (base 10) in base 2?
-1011001101111001100
Convert 16714 (base 16) to base 7.
532000
Convert 4060004 (base 8) to base 9.
2015075
What is 7179b2 (base 16) in base 3?
111222211021011
What is 2120300203 (base 4) in base 11?
398108
135c83 (base 14) to base 6
22202231
1413511 (base 7) to base 14
4ca08
What is -13212142 (base 5) in base 6?
-2455524
1111010010000010 (base 2) to base 5
4000334
cbc0a2 (base 13) to base 4
102102330113
What is -28131 (base 9) in base 7?
-106402
2bce3 (base 16) to base 3
100010010110
Convert -622955 (base 14) to base 9.
-6205873
432290 (base 11) to base 15
d9ba5
Convert 260266 (base 11) to base 2.
1100100001010010110
-110000201212 (base 3) to base 6
-5023552
What is -1331528 (base 10) in base 15?
-1b47d8
Convert f4286 (base 16) to base 14.
1c0658
What is 15b170 (base 13) in base 7?
4402021
-119354a (base 11) to base 15
-2ad0a8
301333202 (base 4) to base 13
72287
What is 2003454 (base 8) in base 5?
113313444
Convert 120252 (base 7) to base 6.
244400
Convert 23306334 (base 7) to base 5.
1011141214
-3a42631 (base 11) to base 8
-32516653
What is 5a40d (base 15) in base 12?
11a664
302655 (base 7) to base 12
25929
Convert -280908 (base 12) to base 4.
-2202110120
Convert 11550503 (base 6) to base 7.
3106641
Convert -252432322 (base 6) to base 15.
-668365
526b (base 16) to base 9
31843
110111111000010001010 (base 2) to base 8
6770212
What is -959627 (base 10) in base 12?
-3a340b
-49176 (base 13) to base 16
-20c8b
Convert -5ab45 (base 14) to base 9.
-367144
Convert -4200240 (base 6) to base 13.
-710b5
-420122 (base 8) to base 11
-95769
5571b (base 14) to base 6
4235125
What is 111110111001011001 (base 2) in base 10?
257625
Convert 4216837 (base 10) to base 5.
2034414322
What is 338267 (base 9) in base 14?
53d1b
1a58a (base 11) to base 16
6fee
200312023 (base 5) to base 3
1111012202022
Convert -4a6b92 (base 14) to base 13.
-6b5783
328878 (base 14) to base 9
3202056
What is 11827 (base 15) in base 14?
164c5
-273dbe (base 15) to base 5
-440330404
What is -255384 (base 9) in base 13?
-5564b
Convert -11f12ea (base 16) to base 11.
-a68aaa0
2361545 (base 8) to base 9
1186841
1221520 (base 6) to base 3
10022110010
Convert -510014544 (base 6) to base 13.
-1a4c02b
Convert 101000101111001100 (base 2) to base 3.
22110220000
Convert -3580109 (base 11) to base 12.
-21095a4
What is 10110100010101100010101 (base 2) in base 16?
5a2b15
Convert -da96f (base 16) to base 15.
-12a448
Convert 1702567 (base 8) to base 15.
9b0b4
Convert -2100333342 (base 5) to base 4.
-100123321311
11020110200 (base 3) to base 14
225a8
What is -21242 (base 16) in base 14?
-37682
What is -118463 (base 11) in base 12?
-901a5
What is 597 (base 12) in base 5?
11320
-338483 (base 10) to base 9
-565272
Convert 19a1b7 (base 12) to base 14.
bb147
-3a4cb6 (base 16) to base 2
-1110100100110010110110
-20212714 (base 9) to base 10
-9692635
100000110011011000100001 (base 2) to base 12
2a68395
-111010110011010001011 (base 2) to base 3
-10121220001210
What is 212010 (base 8) in base 15?
15e0e
Convert -6388715 (base 10) to base 3.
-110000120200002
-206251 (base 7) to base 14
-d098
What is -233302132 (base 5) in base 15?
-162a2c
Convert -3367 (base 10) to base 15.
-ee7
-5252522 (base 6) to base 15
-50c78
a28c1 (base 13) to base 7
2322615
What is 300312122 (base 4) in base 5?
22400330
Convert -100111110110000100111 (base 2) to base 13.
-36938a
Convert 2026001 (base 11) to base 16.
36a1e7
What is -104402234 (base 6) in base 13?
-515b00
Convert 2934d2 (base 15) to base 6.
110320325
-146667 (base 8) to base 14
-15299
21100200 (base 3) to base 5
132424
b777 (base 16) to base 3
2101102112
Convert 154790 (base 12) to base 16.
5805c
112011212020020 (base 3) to base 16
72fce1
What is 11011111111100101 (base 2) in base 16?
1bfe5
What is b4112 (base 15) in base 2?
10001011010011111001
Convert 402553 (base 7) to base 4.
100221211
-b03724 (base 12) to base 9
-5141171
Convert 1d476 (base 16) to base 7.
1006432
111314104 (base 5) to base 6
14335120
Convert 4333770 (base 10) to base 16.
4220ca
Convert 12221320023 (base 4) to base 7.
20553462
What is 853c10 (base 13) in base 11?
1842493
Convert -46d39c (base 14) to base 15.
-32b77a
3787548 (base 9) to base 3
10212221121122
11242203 (base 5) to base 13
37a3c
What is 1011110110100000011101 (base 2) in base 5?
1243404340
-1525412 (base 6) to base 8
-256420
What is -4770646 (base 9) in base 12?
-a48336
-1a24389 (base 11) to base 5
-1333322022
-31422 (base 14) to base 4
-131000112
-5bcb50 (base 13) to base 16
-218d8c
What is -131323330 (base 4) in base 6?
-2343404
What is 141330343 (base 5) in base 10?
730098
-61b6c (base 14) to base 4
-321133210
What is 42756 (base 11) in base 2?
1111001010110110
-1a6992 (base 12) to base 14
-c2782
What is 159890 (base 11) in base 16?
3c606
What is 1de1fd (base 16) in base 15?
28a3ec
What is 60875 (base 9) in base 11?
28129
Convert 986374 (base 11) to base 12.
63b575
Convert -1432154 (base 7) to base 11.
-121992
-1a788 (base 13) to base 5
-3124301
36ec1 (base 16) to base 15
469c6
1414425 (base 6) to base 12
3a415
What is -11010011000111101100 (base 2) in base 16?
-d31ec
What is -35dd7 (base 15) in base 4?
-221331211
Convert -114211662 (base 8) to base 11.
-1031647a
What is -247256 (base 11) in base 12?
-169a3a
What is 2542231 (base 6) in base 5?
13403044
422311 (base 7) to base 2
10001110010100111
What is -330490 (base 12) in base 6?
-25203100
336456 (base 8) to base 7
653156
-21463016 (base 7) to base 12
-75112b
-98906 (base 10) to base 15
-1e48b
-45289 (base 11) to base 8
-200026
31bb368 (base 13) to base 2
111001111100101001111011
What is -654435 (base 7) in base 5?
-12130231
What is -261a0a (base 13) in base 15?
-131e4e
What is 11c080 (base 15) in base 5?
204204440
12100100121 (base 3) to base 14
2a4cb
75362 (base 11) to base 15
226ed
Convert 615683 (base 9) to base 7.
3050214
4372266 (base 8) to base 11
734130
Convert -1502234 (base 6) to base 9.
-141044
What is a29b52 (base 14) in base 15?
734466
Convert 25623325 (base 8) to base 5.
2430232243
What is -110111000010111101 (base 2) in base 9?
-373251
Convert b2792 (base 13) to base 14.
847d9
What is 168893 (base 12) in base 9?
651623
-251127 (base 16) to base 8
-11210447
13552821 (base 9) to base 2
11001100101100100001011
Convert -15355014 (base 9) to base 14.
-10333cc
-3439272 (base 10) to base 6
-201414320
Convert 740408 (base 12) to base 10.
1825352
-6ca91 (base 16) to base 8
-1545221
101001011001110001010 (base 2) to base 16
14b38a
Convert 12232 (base 10) to base 5.
342412
3b400b (base 13) to base 12
593615
What is -1117dd (bas